{"id":2693,"date":"2025-06-04T19:11:26","date_gmt":"2025-06-04T19:11:26","guid":{"rendered":"https:\/\/molcomunicaciones.com.ar\/?post_type=product&#038;p=2693"},"modified":"2025-10-29T16:23:45","modified_gmt":"2025-10-29T16:23:45","slug":"mouse-gamer-bluetooth-jeqang-jw-220","status":"publish","type":"product","link":"https:\/\/molcomunicaciones.com.ar\/index.php\/product\/mouse-gamer-bluetooth-jeqang-jw-220\/","title":{"rendered":"MOUSE GAMER BLUETOOTH JEQANG JW-220"},"content":{"rendered":"<p>\/\/\/ CONSULTAR COLORES EN STOCK ANTES DE OFERTAR \/\/\/<\/p>\n<p>COLORES DISPONIBLES: NEGRO+BLANCO<\/p>\n<p>MOUSE GAMER BLUETOOTH JEQANG JW-220<\/p>\n<ul class=\"\">\n<li>Dise\u00f1o ergon\u00f3mico para comodidad: Este mouse para juegos est\u00e1 dise\u00f1ado para usuarios diestros, proporcionando un agarre c\u00f3modo y reduciendo la fatiga durante sesiones de juego prolongadas. Su forma ergon\u00f3mica garantiza una posici\u00f3n natural de la mano, lo que permite un control preciso y un mejor rendimiento del juego.<\/li>\n<li>Seguimiento \u00f3ptico de alta precisi\u00f3n 1800 DPI: con un sistema de seguimiento \u00f3ptico de alta resoluci\u00f3n, Este mouse ofrece un movimiento preciso del cursor y un seguimiento preciso, lo que es ideal para juegos de ritmo r\u00e1pido que requieren reflejos r\u00e1pidos y punter\u00eda precisa.<\/li>\n<li>Iluminaci\u00f3n retroiluminada RGB: el mouse cuenta con iluminaci\u00f3n retroiluminada RGB personalizable, lo que permite a los usuarios personalizar los efectos de iluminaci\u00f3n seg\u00fan sus preferencias. Esta caracter\u00edstica agrega un toque est\u00e9tico a la configuraci\u00f3n del juego y mejora la experiencia de juego en general.<\/li>\n<li>Botones programables para personalizaci\u00f3n: el mouse para juegos viene con Botones programables, lo que permite a los usuarios personalizar su experiencia de juego con macros, teclas y otros accesos directos. Esta caracter\u00edstica mejora la productividad y el rendimiento del juego.<\/li>\n<li>Construcci\u00f3n impermeable y duradera: El rat\u00f3n cuenta con un dise\u00f1o impermeable, asegurando que puede soportar derrames accidentales o la exposici\u00f3n a la humedad. Su construcci\u00f3n duradera tambi\u00e9n garantiza un rendimiento y fiabilidad duraderos.<\/li>\n<\/ul>\n","protected":false},"excerpt":{"rendered":"<p>\/\/\/ CONSULTAR COLORES EN STOCK ANTES DE OFERTAR \/\/\/ COLORES DISPONIBLES: NEGRO+BLANCO MOUSE GAMER BLUETOOTH JEQANG JW-220 Dise\u00f1o ergon\u00f3mico para&#8230;<\/p>\n","protected":false},"featured_media":2694,"comment_status":"open","ping_status":"closed","template":"","meta":[],"product_brand":[],"product_cat":[15],"product_tag":[],"class_list":{"0":"post-2693","1":"product","2":"type-product","3":"status-publish","4":"has-post-thumbnail","6":"product_cat-uncategorized","8":"first","9":"instock","10":"shipping-taxable","11":"purchasable","12":"product-type-simple"},"_links":{"self":[{"href":"https:\/\/molcomunicaciones.com.ar\/index.php\/wp-json\/wp\/v2\/product\/2693","targetHints":{"allow":["GET"]}}],"collection":[{"href":"https:\/\/molcomunicaciones.com.ar\/index.php\/wp-json\/wp\/v2\/product"}],"about":[{"href":"https:\/\/molcomunicaciones.com.ar\/index.php\/wp-json\/wp\/v2\/types\/product"}],"replies":[{"embeddable":true,"href":"https:\/\/molcomunicaciones.com.ar\/index.php\/wp-json\/wp\/v2\/comments?post=2693"}],"wp:featuredmedia":[{"embeddable":true,"href":"https:\/\/molcomunicaciones.com.ar\/index.php\/wp-json\/wp\/v2\/media\/2694"}],"wp:attachment":[{"href":"https:\/\/molcomunicaciones.com.ar\/index.php\/wp-json\/wp\/v2\/media?parent=2693"}],"wp:term":[{"taxonomy":"product_brand","embeddable":true,"href":"https:\/\/molcomunicaciones.com.ar\/index.php\/wp-json\/wp\/v2\/product_brand?post=2693"},{"taxonomy":"product_cat","embeddable":true,"href":"https:\/\/molcomunicaciones.com.ar\/index.php\/wp-json\/wp\/v2\/product_cat?post=2693"},{"taxonomy":"product_tag","embeddable":true,"href":"https:\/\/molcomunicaciones.com.ar\/index.php\/wp-json\/wp\/v2\/product_tag?post=2693"}],"curies":[{"name":"wp","href":"https:\/\/api.w.org\/{rel}","templated":true}]}}