{"id":2697,"date":"2025-06-04T20:26:22","date_gmt":"2025-06-04T20:26:22","guid":{"rendered":"https:\/\/molcomunicaciones.com.ar\/?post_type=product&#038;p=2697"},"modified":"2025-06-04T20:26:22","modified_gmt":"2025-06-04T20:26:22","slug":"mouse-bluetooth-ergonomico-jeqang-jw-582","status":"publish","type":"product","link":"https:\/\/molcomunicaciones.com.ar\/index.php\/product\/mouse-bluetooth-ergonomico-jeqang-jw-582\/","title":{"rendered":"MOUSE BLUETOOTH ERGON\u00d3MICO JEQANG JW-582"},"content":{"rendered":"<p>\/\/\/ CONSULTAR COLORES EN STOCK ANTES DE OFERTAR \/\/\/<\/p>\n<p>COLORES DISPONIBLES: NEGRO+ROJO+CELESTE<\/p>\n<p>MOUSE BLUETOOTH ERGON\u00d3MICO JEQANG JW-582<\/p>\n<ul class=\"\">\n<li data-spm-anchor-id=\"a2700.details.0.i59.1f4f9c31cmDtnt\">Experiencia de juego de alta resoluci\u00f3n: Este mouse proporciona tres configuraciones de DPI ajustables (800, 1200 y 1600) para satisfacer las diferentes necesidades de juego, lo que garantiza una experiencia de juego precisa y fluida para los usuarios.<\/li>\n<li>Conectividad de modo dual: con opciones de receptor USB y cable de tipo C, Este mouse ofrece flexibilidad en la conectividad, lo que permite a los usuarios elegir el m\u00e9todo m\u00e1s conveniente para sus dispositivos.<\/li>\n<li>Dise\u00f1o ergon\u00f3mico: El Mini dise\u00f1o de este rat\u00f3n lo hace adecuado tanto para usuarios zurdos como diestros, reduciendo la fatiga y la incomodidad durante sesiones de juego prolongadas.<\/li>\n<li>Bater\u00eda recargable: el tipo de energ\u00eda recargable de este rat\u00f3n elimina la necesidad de reemplazos frecuentes de la bater\u00eda, por lo que es una opci\u00f3n ecol\u00f3gica y rentable para los usuarios.<\/li>\n<li data-spm-anchor-id=\"a2700.details.0.i61.1f4f9c31cmDtnt\">Dise\u00f1o de 6 botones: el dise\u00f1o de 6 botones de Este mouse proporciona a los usuarios una gama de opciones personalizables, incluido un dise\u00f1o de bot\u00f3n definido por el usuario basado en sus preferencias, una gran caracter\u00edstica que puede ser para los usuarios que les gusta personalizar la configuraci\u00f3n de su rat\u00f3n.<\/li>\n<\/ul>\n","protected":false},"excerpt":{"rendered":"<p>\/\/\/ CONSULTAR COLORES EN STOCK ANTES DE OFERTAR \/\/\/ COLORES DISPONIBLES: NEGRO+ROJO+CELESTE MOUSE BLUETOOTH ERGON\u00d3MICO JEQANG JW-582 Experiencia de juego&#8230;<\/p>\n","protected":false},"featured_media":2698,"comment_status":"open","ping_status":"closed","template":"","meta":[],"product_brand":[],"product_cat":[15],"product_tag":[],"class_list":{"0":"post-2697","1":"product","2":"type-product","3":"status-publish","4":"has-post-thumbnail","6":"product_cat-uncategorized","8":"first","9":"instock","10":"shipping-taxable","11":"purchasable","12":"product-type-simple"},"_links":{"self":[{"href":"https:\/\/molcomunicaciones.com.ar\/index.php\/wp-json\/wp\/v2\/product\/2697","targetHints":{"allow":["GET"]}}],"collection":[{"href":"https:\/\/molcomunicaciones.com.ar\/index.php\/wp-json\/wp\/v2\/product"}],"about":[{"href":"https:\/\/molcomunicaciones.com.ar\/index.php\/wp-json\/wp\/v2\/types\/product"}],"replies":[{"embeddable":true,"href":"https:\/\/molcomunicaciones.com.ar\/index.php\/wp-json\/wp\/v2\/comments?post=2697"}],"wp:featuredmedia":[{"embeddable":true,"href":"https:\/\/molcomunicaciones.com.ar\/index.php\/wp-json\/wp\/v2\/media\/2698"}],"wp:attachment":[{"href":"https:\/\/molcomunicaciones.com.ar\/index.php\/wp-json\/wp\/v2\/media?parent=2697"}],"wp:term":[{"taxonomy":"product_brand","embeddable":true,"href":"https:\/\/molcomunicaciones.com.ar\/index.php\/wp-json\/wp\/v2\/product_brand?post=2697"},{"taxonomy":"product_cat","embeddable":true,"href":"https:\/\/molcomunicaciones.com.ar\/index.php\/wp-json\/wp\/v2\/product_cat?post=2697"},{"taxonomy":"product_tag","embeddable":true,"href":"https:\/\/molcomunicaciones.com.ar\/index.php\/wp-json\/wp\/v2\/product_tag?post=2697"}],"curies":[{"name":"wp","href":"https:\/\/api.w.org\/{rel}","templated":true}]}}